t is the highest common factor of 710 and 5328195?
355
Calculate the highest common divisor of 775 and 216596225.
775
What is the greatest common divisor of 68 and 1146650?
34
Calculate the highest common divisor of 926 and 31102.
2
What is the greatest common factor of 7481390 and 42?
14
What is the greatest common factor of 156 and 1721876?
52
Calculate the greatest common divisor of 13555409 and 833.
833
Calculate the highest common factor of 351 and 50201736.
39
Calculate the greatest common divisor of 94646831 and 1031.
1031
Calculate the greatest common factor of 32 and 59594448.
16
Calculate the greatest common factor of 57680596 and 92.
92
What is the highest common divisor of 150693043 and 78756?
6563
Calculate the greatest common divisor of 13416651 and 108.
27
Calculate the greatest common divisor of 535912058 and 66.
22
Calculate the greatest common divisor of 1528 and 700808.
8
What is the highest common factor of 5666192 and 32?
16
What is the greatest common divisor of 14992 and 687791732?
3748
What is the greatest common divisor of 62314852 and 348?
116
Calculate the greatest common factor of 659095400 and 15.
5
What is the greatest common divisor of 7303772 and 84?
28
Calculate the greatest common divisor of 2020 and 10888660.
20
What is the highest common divisor of 588410 and 74356?
58
What is the highest common factor of 884 and 29741738?
442
Calculate the highest common divisor of 26 and 4903561.
13
Calculate the greatest common factor of 10506 and 62936502.
618
Calculate the highest common factor of 41874 and 14462.
14
What is the highest common divisor of 148241 and 59413?
53
What is the greatest common divisor of 46 and 10615282?
46
Calculate the highest common divisor of 776 and 56696888.
776
Calculate the greatest common divisor of 7 and 550086.
1
What is the highest common divisor of 428944 and 8721?
323
What is the greatest common divisor of 759579 and 74370?
201
What is the highest common divisor of 21350 and 3170?
10
What is the highest common factor of 1449 and 22386245?
161
What is the greatest common factor of 1162 and 97737563?
581
What is the greatest common divisor of 8834 and 591458?
14
Calculate the highest common divisor of 70 and 26290390.
70
Calculate the greatest common factor of 4429263 and 89.
89
What is the greatest common divisor of 336 and 3296454?
42
Calculate the greatest common factor of 4752 and 336208.
16
Calculate the highest common divisor of 45 and 2363101.
1
Calculate the highest common divisor of 95918 and 2610271.
241
What is the highest common divisor of 2178 and 4149?
9
What is the greatest common divisor of 825100 and 380878?
74
Calculate the greatest common factor of 34 and 1051530206.
34
Calculate the highest common factor of 943 and 551126.
23
Calculate the greatest common factor of 44702 and 179614.
62
Calculate the greatest common factor of 972 and 221184.
108
What is the greatest common factor of 1257457 and 13?
1
Calculate the greatest common factor of 13516447 and 63.
7
Calculate the greatest common factor of 22988409 and 9.
3
Calculate the greatest common divisor of 14412826 and 87.
29
Calculate the highest common factor of 19261 and 27339026.
187
What is the highest common divisor of 73114822 and 11792?
1474
What is the greatest common divisor of 18060 and 12060726?
258
What is the greatest common factor of 133056 and 25542?
594
What is the greatest common divisor of 55959200 and 23760?
880
What is the greatest common factor of 2 and 10800?
2
What is the greatest common factor of 71393355 and 24035?
1045
What is the greatest common factor of 1588 and 28884529?
397
What is the greatest common factor of 1692 and 11124?
36
Calculate the greatest common factor of 102610009 and 1627.
1627
What is the greatest common factor of 117 and 111393828?
117
What is the greatest common divisor of 29382 and 424877?
83
Calculate the highest common factor of 961573 and 96350.
1927
Calculate the greatest common factor of 2479372 and 15769.
1213
What is the greatest common divisor of 1496650 and 15910?
370
Calculate the highest common divisor of 18 and 187088454.
18
What is the greatest common divisor of 25603812 and 1092?
156
What is the greatest common divisor of 49542182 and 1666?
34
What is the highest common divisor of 4743 and 109108530?
279
What is the highest common factor of 87655 and 2450237?
373
Calculate the highest common factor of 255 and 2428535.
85
Calculate the highest common divisor of 78 and 6758583.
39
What is the highest common divisor of 2814921603 and 5499?
5499
What is the highest common factor of 132516955 and 17085?
5695
What is the highest common divisor of 135439 and 2635?
527
What is the greatest common divisor of 248017 and 29326?
11
What is the greatest common factor of 18635731 and 3587?
211
Calculate the greatest common divisor of 768215 and 814915.
2335
What is the greatest common factor of 124 and 3536325?
31
What is the highest common factor of 116604599 and 1?
1
Calculate the greatest common divisor of 1700118 and 20174.
1834
What is the greatest common factor of 213038 and 14182?
14
What is the greatest common factor of 1805 and 81365068?
361
Calculate the greatest common divisor of 495910 and 454666.
982
Calculate the greatest common divisor of 10552929 and 2484.
69
Calculate the highest common divisor of 142128 and 201936.
336
What is the greatest common factor of 288 and 272373876?
36
What is the greatest common divisor of 12288995 and 3620?
905
Calculate the highest common divisor of 1007 and 33201797.
1007
Calculate the highest common divisor of 189300 and 3147000.
300
What is the greatest common factor of 170570 and 207940?
370
Calculate the greatest common factor of 7069668 and 12.
12
What is the highest common factor of 1495374 and 75?
3
What is the greatest common factor of 8584 and 1588155884?
4292
Calculate the highest common factor of 65757 and 604785.
69
What is the greatest common divisor of 197700 and 1374000?
300
What is the greatest common divisor of 7760 and 132610?
10
What is the greatest common factor of 10419 and 13170673?
151
Calculate the highest common factor of 1864 and 14377964.
932
Calculate the greatest common divisor of 39192624 and 432.
144
Calculate the highest common divisor of 183393 and 250920.
369
Calculate the highest common factor of 380 and 6092540.
380
Calculate the greatest common divisor of 13679611 and 374.
187
Calculate the greatest common divisor of 22 and 1364590986.
22
Calculate the highest common factor of 272 and 307947656.
136
What is the greatest common factor of 165 and 591090?
15
What is the greatest common factor of 850860 and 91350?
2610
What is the highest common divisor of 32733568 and 119?
119
What is the greatest common divisor of 3220 and 408142820?
460
What is the greatest common factor of 9732860 and 20?
20
Calculate the highest common factor of 3244894 and 527.
31
What is the greatest common divisor of 1340 and 393830?
10
Calculate the highest common divisor of 14305900 and 6112.
764
Calculate the greatest common factor of 13725 and 1349991.
549
What is the highest common divisor of 6664 and 5432728?
392
Calculate the highest common divisor of 116186880 and 2528.
2528
Calculate the greatest common factor of 39861 and 1322829.
927
Calculate the highest common factor of 21681990 and 720.
90
Calculate the highest common factor of 2161 and 28367447.
2161
Calculate the greatest common divisor of 20 and 3510724900.
20
Calculate the greatest common factor of 693 and 721875.
231
Calculate the greatest common factor of 6216 and 14348008.
296
What is the greatest common factor of 84880 and 10000?
80
Calculate the greatest common divisor of 171 and 58230212.
19
Calculate the highest common divisor of 2746525 and 10675.
1525
What is the greatest common factor of 12814 and 13556020?
298
What is the greatest common divisor of 30102220 and 40?
20
What is the highest common divisor of 1651635 and 7225?
1445
What is the greatest common divisor of 69738 and 5128044?
354
Calculate the greatest common factor of 84214 and 2725658.
2054
What is the greatest common divisor of 6484 and 1203038118?
3242
Calculate the highest common factor of 10650675 and 2100.
525
Calculate the highest common factor of 582633 and 2